?
True
Is 1019998543 a composite number?
False
Is 45364713749 composite?
True
Is 1535429837 a prime number?
False
Is 22315157999 prime?
False
Is 34934131871 a composite number?
False
Is 349272437 a prime number?
True
Is 17810858711 prime?
True
Is 27627161 composite?
True
Is 30323419391 a prime number?
False
Is 6767107213 composite?
True
Is 19371342091 a prime number?
False
Is 50450821699 prime?
False
Is 126308153 a prime number?
True
Is 8295218059 prime?
True
Is 17434995793 composite?
False
Is 4921707941 a prime number?
True
Is 17426411881 prime?
False
Is 1731175631 composite?
False
Is 2410092661 a composite number?
True
Is 3821612339 a prime number?
False
Is 12881006455 composite?
True
Is 7784141983 prime?
True
Is 315216659 a prime number?
False
Is 28390758049 a prime number?
True
Is 3758796887 prime?
True
Is 219549949 prime?
True
Is 3259352729 a prime number?
True
Is 531518894 a prime number?
False
Is 27878833199 a prime number?
False
Is 81764789 prime?
False
Is 831207317 a prime number?
True
Is 2150013031 a composite number?
False
Is 883803491 a composite number?
False
Is 1879391651 a composite number?
True
Is 868617641 a composite number?
True
Is 5572889129 composite?
False
Is 21609154522 a composite number?
True
Is 9876090923 a composite number?
True
Is 675540949 composite?
True
Is 29897759479 prime?
False
Is 7629942497 a prime number?
False
Is 83773499 prime?
True
Is 9703165487 prime?
True
Is 3465221783 a composite number?
True
Is 10515765697 a composite number?
True
Is 124833894193 a composite number?
True
Is 78580414895 a prime number?
False
Is 3260411365 a composite number?
True
Is 2638435661 a composite number?
True
Is 38275093 composite?
True
Is 1325947933 prime?
False
Is 27073496281 composite?
True
Is 4028113751 a prime number?
True
Is 12241595173 composite?
False
Is 937314877 composite?
True
Is 3855085567 a prime number?
True
Is 244249717 a prime number?
True
Is 38563683731 a prime number?
False
Is 22740551893 a composite number?
False
Is 59856757 a prime number?
True
Is 448412609 composite?
False
Is 152268164299 composite?
False
Is 52799963453 a prime number?
True
Is 272161787 prime?
True
Is 12279259 prime?
False
Is 14200041937 prime?
False
Is 20355414589 prime?
True
Is 1139304509 a prime number?
False
Is 128959793 composite?
True
Is 20504441567 composite?
False
Is 1258381753 a composite number?
False
Is 2633041507 a prime number?
True
Is 9845955557 a prime number?
False
Is 1211319355 prime?
False
Is 21391723123 composite?
True
Is 35752033 composite?
False
Is 5084917051 composite?
False
Is 4836949241 prime?
True
Is 1786524763 a composite number?
False
Is 332230973 prime?
True
Is 67116179363 a prime number?
True
Is 3538942937 a prime number?
False
Is 13287393601 prime?
True
Is 468599279 prime?
True
Is 365306411 a composite number?
True
Is 1073469473 composite?
True
Is 27172036099 prime?
False
Is 34639279 a prime number?
True
Is 12460000613 a prime number?
True
Is 66473686351 composite?
False
Is 15080786803 composite?
False
Is 210049532729 a prime number?
True
Is 275584853 composite?
False
Is 5291916557 prime?
True
Is 7981070057 prime?
True
Is 297823654 composite?
True
Is 32677854331 prime?
True
Is 2459931901 a prime number?
False
Is 2266701061 a composite number?
False
Is 5683385927 a composite number?
False
Is 18706014953 prime?
False
Is 3781455709 composite?
False
Is 36029917633 a composite number?
True
Is 4845505981 prime?
True
Is 2777319901 composite?
True
Is 571617481 a prime number?
True
Is 113862131 composite?
False
Is 3706417277 a prime number?
True
Is 1529881427 a composite number?
False
Is 2989049941 prime?
True
Is 850536433 composite?
True
Is 3273543167 composite?
False
Is 32154192359 composite?
True
Is 4408819529 a composite number?
False
Is 2849817857 prime?
True
Is 25095710441 a composite number?
False
Is 1708909621 prime?
True
Is 4542764807 composite?
True
Is 6451671799 composite?
False
Is 1203712183 prime?
False
Is 1515766103 composite?
False
Is 1705575451 prime?
False
Is 43197949 composite?
True
Is 6967933901 composite?
False
Is 58969974877 composite?
True
Is 56612163967 composite?
True
Is 3408519773 composite?
True
Is 47354533574 composite?
True
Is 9282436487 a prime number?
False
Is 71972329043 composite?
False
Is 970534549 a prime number?
False
Is 441757051 prime?
True
Is 9724368431 prime?
True
Is 43222679767 composite?
True
Is 10927260713 a prime number?
True
Is 4427161411 prime?
True
Is 48014423437 prime?
True
Is 6927292199 prime?
True
Is 612314917 a composite number?
True
Is 71468209 composite?
True
Is 15308741549 composite?
False
Is 27403699333 prime?
False
Is 44591035 prime?
False
Is 2905882489 composite?
True
Is 2942311523 composite?
False
Is 69309723913 a composite number?
False
Is 7014129839 a composite number?
True
Is 2563961683 a prime number?
False
Is 7203079319 a composite number?
True
Is 2087655443 a composite number?
False
Is 1922857121 prime?
False
Is 1422195121 a prime number?
True
Is 8017085897 composite?
False
Is 13530103297 prime?
False
Is 1680425713 prime?
False
Is 7763867749 a composite number?
True
Is 26031871433 a composite number?
True
Is 4088674457 composite?
True
Is 12206949269 prime?
True
Is 150561583 a composite number?
True
Is 3722044547 composite?
True
Is 1160010067 a composite number?
True
Is 4944879307 a prime number?
False
Is 2062360819 a prime number?
True
Is 2166432479 composite?
False
Is 29282273219 composite?
True
Is 5967347051 prime?
True
Is 2495352889 a composite number?
False
Is 1412108699 composite?
False
Is 202163029 a prime number?
False
Is 3503682409 prime?
True
Is 5701529107 a composite number?
False
Is 3033674257 a prime number?
True
Is 21891638261 composite?
True
Is 5806971857 a composite number?
False
Is 13301619697 prime?
True
Is 6951013043 a composite number?
True
Is 28596596411 a prime number?
True
Is 2297457287 a prime number?
False
Is 286548881 a composite number?
True
Is 18925521581 composite?
False
Is 371165089 composite?
True
Is 3735875413 prime?
True
Is 44069976449 a prime number?
False
Is 25293327731 prime?
False
Is 104414564477 prime?
True
Is 17190981937 a prime number?
False
Is 9070603 a prime number?
False
Is 8214187799 composite?
False
Is 4559953007 a prime number?
True
Is 13025270263 composite?
True
Is 22432106881 composite?
True
Is 195746261 a composite number?
True
Is 1347653821 composite?
False
Is 3057031 a prime number?
False
Is 311182787 composite?
True
Is 182742826159 a composite number?
False
Is 1140411347 a prime number?
False
Is 5773479542 composite?
True
Is 984844409 prime?
True
Is 1218606827 prime?
False
Is 78681895 a prime number?
False
Is 11120288171 prime?
True
Is 2953558967 a prime number?
True
Is 13958689561 prime?
False
Is 14271698719 composite?
True
Is 937882801 prime?
False
Is 36191291633 composite?
True
Is 19892008891 a prime number?
True
Is 4824061 a prime number?
False
Is 423978001 prime?
True
Is 2988601559 composite?
False
Is 411738713 composite?
True
Is 670603487 a composite number?
True
Is 1597081859 a composite number?
False
Is 6544538407 composite?
True
Is 8964079739 composite?
False
Is 371539065421 a composite number?
False
Is 9500488331 prime?
True
Is 1067861659 composite?
True
Is 71004442633 prime?
True
Is 542841683 prime?
False
Is 2236057451 a composite number?
False
Is 1386687873 a composite number?
True
Is 311899433 a composite number?
True
Is 12149724221 a prime number?
True
Is 1774864813 a prime number?
False
Is 1184835633773 a prime number?
False
Is 636713305 composite?
True
Is 21127895581 a prime number?
False
Is 4373724671 composite?
True
Is 110912037127 composite?
True
Is 22019339 composite?
False
Is 314819501 a prime number?
False
Is 175823881 a composite number?
False
Is 17229435359 prime?
True
Is 33284446669 prime?
False
Is 636902113 composite?
True
Is 21031918967 a composite number?
True
Is 3819377249 a prime number?
True
Is 11809972451 a composite number?
False
Is 973024463 a composite number?
True
Is 2734015397 a composite number?
True
Is 2580038093 a prime number?
True
Is 3099080359 composite?
False
Is 10298548079 composite?
False
Is 4987178663 a composite number?
True
Is 6562184183 a composite number?
True
Is 11579119 prime?
False
Is 369367213 prime?
False
Is 400082983 a composite number?
False
Is 